[INFO] cloning repository https://github.com/1p1pd/gradebot
[INFO] running `Command { std: "git" "-c" "credential.helper=" "-c" "credential.helper=/workspace/cargo-home/bin/git-credential-null" "clone" "--bare" "https://github.com/1p1pd/gradebot" "/workspace/cache/git-repos/https%3A%2F%2Fgithub.com%2F1p1pd%2Fgradebot", kill_on_drop: false }`
[INFO] [stderr] Cloning into bare repository '/workspace/cache/git-repos/https%3A%2F%2Fgithub.com%2F1p1pd%2Fgradebot'...
[INFO] running `Command { std: "git" "rev-parse" "HEAD", kill_on_drop: false }`
[INFO] [stdout] d67d6fdd4fe5bdcbbe67334fd6083806f04f990e
[INFO] checking 1p1pd/gradebot against master#cfbc6d4cf1acbac5c025acf8ed68929caa551df3 for pr-75494-beta
[INFO] running `Command { std: "git" "clone" "/workspace/cache/git-repos/https%3A%2F%2Fgithub.com%2F1p1pd%2Fgradebot" "/workspace/builds/worker-11/source", kill_on_drop: false }`
[INFO] [stderr] Cloning into '/workspace/builds/worker-11/source'...
[INFO] [stderr] done.
[INFO] validating manifest of git repo https://github.com/1p1pd/gradebot on toolchain cfbc6d4cf1acbac5c025acf8ed68929caa551df3
[INFO] running `Command { std: "/workspace/cargo-home/bin/cargo" "+cfbc6d4cf1acbac5c025acf8ed68929caa551df3" "read-manifest" "--manifest-path" "Cargo.toml", kill_on_drop: false }`
[INFO] started tweaking git repo https://github.com/1p1pd/gradebot
[INFO] finished tweaking git repo https://github.com/1p1pd/gradebot
[INFO] tweaked toml for git repo https://github.com/1p1pd/gradebot written to /workspace/builds/worker-11/source/Cargo.toml
[INFO] crate git repo https://github.com/1p1pd/gradebot already has a lockfile, it will not be regenerated
[INFO] running `Command { std: "/workspace/cargo-home/bin/cargo" "+cfbc6d4cf1acbac5c025acf8ed68929caa551df3" "fetch" "--locked" "--manifest-path" "Cargo.toml", kill_on_drop: false }`
[INFO] [stderr] error: the lock file /workspace/builds/worker-11/source/Cargo.lock needs to be updated but --locked was passed to prevent this
[INFO] [stderr] If you want to try to generate the lock file without accessing the network, use the --offline flag.
[INFO] the lockfile is outdated, regenerating it
[INFO] running `Command { std: "/workspace/cargo-home/bin/cargo" "+cfbc6d4cf1acbac5c025acf8ed68929caa551df3" "generate-lockfile" "--manifest-path" "Cargo.toml" "-Zno-index-update", kill_on_drop: false }`
[INFO] running `Command { std: "/workspace/cargo-home/bin/cargo" "+cfbc6d4cf1acbac5c025acf8ed68929caa551df3" "fetch" "--locked" "--manifest-path" "Cargo.toml", kill_on_drop: false }`
[INFO] [stderr]  Downloading crates ...
[INFO] [stderr]   Downloaded handlebars-iron v0.15.3
[INFO] [stderr]   Downloaded handlebars v0.18.2
[INFO] [stderr]   Downloaded diesel_codegen v0.6.2
[INFO] [stderr]   Downloaded diesel v0.6.2
[INFO] running `Command { std: "docker" "create" "-v" "/var/lib/crater-agent-workspace/builds/worker-11/target:/opt/rustwide/target:rw,Z" "-v" "/var/lib/crater-agent-workspace/builds/worker-11/source:/opt/rustwide/workdir:ro,Z" "-v" "/var/lib/crater-agent-workspace/cargo-home:/opt/rustwide/cargo-home:ro,Z" "-v" "/var/lib/crater-agent-workspace/rustup-home:/opt/rustwide/rustup-home:ro,Z" "-e" "SOURCE_DIR=/opt/rustwide/workdir" "-e" "CARGO_TARGET_DIR=/opt/rustwide/target" "-e" "CARGO_HOME=/opt/rustwide/cargo-home" "-e" "RUSTUP_HOME=/opt/rustwide/rustup-home" "-w" "/opt/rustwide/workdir" "-m" "1610612736" "--user" "0:0" "--network" "none" "rustops/crates-build-env@sha256:a636fd89d022f18117e1dc8fb37a0a009933cdbbe082814857f0e2024962d47c" "/opt/rustwide/cargo-home/bin/cargo" "+cfbc6d4cf1acbac5c025acf8ed68929caa551df3" "metadata" "--no-deps" "--format-version=1", kill_on_drop: false }`
[INFO] [stdout] 59759c0f585b8ba5f3dc81adb04e629661f1269e60c6b978458b4c9a06e51915
[INFO] [stderr] WARNING: Your kernel does not support swap limit capabilities or the cgroup is not mounted. Memory limited without swap.
[INFO] running `Command { std: "docker" "start" "-a" "59759c0f585b8ba5f3dc81adb04e629661f1269e60c6b978458b4c9a06e51915", kill_on_drop: false }`
[INFO] running `Command { std: "docker" "inspect" "59759c0f585b8ba5f3dc81adb04e629661f1269e60c6b978458b4c9a06e51915", kill_on_drop: false }`
[INFO] running `Command { std: "docker" "rm" "-f" "59759c0f585b8ba5f3dc81adb04e629661f1269e60c6b978458b4c9a06e51915", kill_on_drop: false }`
[INFO] [stdout] 59759c0f585b8ba5f3dc81adb04e629661f1269e60c6b978458b4c9a06e51915
[INFO] running `Command { std: "docker" "create" "-v" "/var/lib/crater-agent-workspace/builds/worker-11/target:/opt/rustwide/target:rw,Z" "-v" "/var/lib/crater-agent-workspace/builds/worker-11/source:/opt/rustwide/workdir:ro,Z" "-v" "/var/lib/crater-agent-workspace/cargo-home:/opt/rustwide/cargo-home:ro,Z" "-v" "/var/lib/crater-agent-workspace/rustup-home:/opt/rustwide/rustup-home:ro,Z" "-e" "SOURCE_DIR=/opt/rustwide/workdir" "-e" "CARGO_TARGET_DIR=/opt/rustwide/target" "-e" "CARGO_INCREMENTAL=0" "-e" "RUST_BACKTRACE=full" "-e" "RUSTFLAGS=--cap-lints=forbid" "-e" "CARGO_HOME=/opt/rustwide/cargo-home" "-e" "RUSTUP_HOME=/opt/rustwide/rustup-home" "-w" "/opt/rustwide/workdir" "-m" "1610612736" "--user" "0:0" "--network" "none" "rustops/crates-build-env@sha256:a636fd89d022f18117e1dc8fb37a0a009933cdbbe082814857f0e2024962d47c" "/opt/rustwide/cargo-home/bin/cargo" "+cfbc6d4cf1acbac5c025acf8ed68929caa551df3" "check" "--frozen" "--all" "--all-targets" "--message-format=json", kill_on_drop: false }`
[INFO] [stdout] a210c57c0e83b741edb3467dc7f92b24b4b775d64c019517c82449a7c8c55ff1
[INFO] [stderr] WARNING: Your kernel does not support swap limit capabilities or the cgroup is not mounted. Memory limited without swap.
[INFO] running `Command { std: "docker" "start" "-a" "a210c57c0e83b741edb3467dc7f92b24b4b775d64c019517c82449a7c8c55ff1", kill_on_drop: false }`
[INFO] [stderr]    Compiling winapi-build v0.1.1
[INFO] [stderr]    Compiling log v0.4.11
[INFO] [stderr]     Checking cfg-if v0.1.10
[INFO] [stderr]     Checking matches v0.1.8
[INFO] [stderr]     Checking winapi v0.2.8
[INFO] [stderr]    Compiling pq-sys v0.2.7
[INFO] [stderr]     Checking traitobject v0.1.0
[INFO] [stderr]     Checking rustc-serialize v0.3.24
[INFO] [stderr]    Compiling proc-macro2 v1.0.19
[INFO] [stderr]    Compiling version_check v0.1.5
[INFO] [stderr]     Checking percent-encoding v1.0.1
[INFO] [stderr]    Compiling httparse v1.3.4
[INFO] [stderr]     Checking typeable v0.1.2
[INFO] [stderr]    Compiling syn v1.0.39
[INFO] [stderr]     Checking traitobject v0.0.1
[INFO] [stderr]    Compiling regex-syntax v0.3.9
[INFO] [stderr]    Compiling diesel_codegen v0.6.2
[INFO] [stderr]    Compiling byteorder v0.3.13
[INFO] [stderr]     Checking language-tags v0.2.2
[INFO] [stderr]     Checking lazy_static v0.1.16
[INFO] [stderr]    Compiling utf8-ranges v0.1.3
[INFO] [stderr]     Checking modifier v0.1.0
[INFO] [stderr]    Compiling proc-macro-hack v0.5.18
[INFO] [stderr]     Checking pest v0.3.3
[INFO] [stderr]     Checking quick-error v1.2.3
[INFO] [stderr]     Checking route-recognizer v0.1.13
[INFO] [stderr]     Checking maplit v0.1.6
[INFO] [stderr]    Compiling standback v0.2.9
[INFO] [stderr]    Compiling time v0.2.16
[INFO] [stderr]     Checking unicode-bidi v0.3.4
[INFO] [stderr]     Checking unicode-bidi v0.2.6
[INFO] [stderr]     Checking unsafe-any v0.4.2
[INFO] [stderr]     Checking error v0.1.9
[INFO] [stderr]    Compiling kernel32-sys v0.2.2
[INFO] [stderr]     Checking rand v0.4.6
[INFO] [stderr]     Checking memchr v0.1.11
[INFO] [stderr]     Checking num_cpus v0.2.13
[INFO] [stderr]     Checking typemap v0.3.3
[INFO] [stderr]    Compiling unicase v1.4.2
[INFO] [stderr]     Checking aho-corasick v0.5.3
[INFO] [stderr]    Compiling diesel v0.6.2
[INFO] [stderr]     Checking idna v0.1.5
[INFO] [stderr]     Checking log v0.3.9
[INFO] [stderr]     Checking plugin v0.2.6
[INFO] [stderr]     Checking thread-id v2.0.0
[INFO] [stderr]     Checking walkdir v0.1.8
[INFO] [stderr]     Checking hpack v0.2.0
[INFO] [stderr]     Checking mime v0.2.6
[INFO] [stderr]     Checking thread_local v0.2.7
[INFO] [stdout] error[E0554]: `#![feature]` may not be used on the beta release channel
[INFO] [stdout]  --> /opt/rustwide/cargo-home/registry/src/github.com-1ecc6299db9ec823/diesel-0.6.2/src/lib.rs:5:35
[INFO] [stdout]   |
[INFO] [stdout] 5 | #![cfg_attr(feature = "unstable", feature(specialization))]
[INFO] [stdout]   |                                   ^^^^^^^^^^^^^^^^^^^^^^^
[INFO] [stdout] 
[INFO] [stdout] 
[INFO] [stdout] error[E0554]: `#![feature]` may not be used on the beta release channel
[INFO] [stdout]  --> /opt/rustwide/cargo-home/registry/src/github.com-1ecc6299db9ec823/diesel-0.6.2/src/lib.rs:5:35
[INFO] [stdout]   |
[INFO] [stdout] 5 | #![cfg_attr(feature = "unstable", feature(specialization))]
[INFO] [stdout]   |                                   ^^^^^^^^^^^^^^^^^^^^^^^
[INFO] [stdout] 
[INFO] [stdout] 
[INFO] [stderr]     Checking regex v0.1.80
[INFO] [stderr]    Compiling quote v1.0.7
[INFO] [stderr]     Checking solicit v0.4.4
[INFO] [stderr]     Checking rand v0.3.23
[INFO] [stderr]     Checking uuid v0.2.3
[INFO] [stderr]     Checking url v1.7.2
[INFO] [stderr]     Checking url v0.5.10
[INFO] [stderr]     Checking conduit-mime-types v0.7.3
[INFO] [stderr]     Checking cookie v0.2.5
[INFO] [stderr]     Checking handlebars v0.18.2
[INFO] [stderr]     Checking dotenv v0.8.0
[INFO] [stderr]     Checking env_logger v0.3.5
[INFO] [stderr]    Compiling dotenv_codegen v0.8.1
[INFO] [stdout] error: aborting due to previous error
[INFO] [stdout] 
[INFO] [stdout] 
[INFO] [stdout] For more information about this error, try `rustc --explain E0554`.
[INFO] [stdout] 
[INFO] [stdout] error[E0463]: can't find crate for `syntax`
[INFO] [stdout]   --> /opt/rustwide/cargo-home/registry/src/github.com-1ecc6299db9ec823/dotenv_codegen-0.8.1/src/lib.rs:13:1
[INFO] [stdout]    |
[INFO] [stdout] 13 | extern crate syntax;
[INFO] [stdout]    | ^^^^^^^^^^^^^^^^^^^^ can't find crate
[INFO] [stdout] 
[INFO] [stdout] 
[INFO] [stdout] error: aborting due to previous error
[INFO] [stdout] 
[INFO] [stdout] 
[INFO] [stdout] For more information about this error, try `rustc --explain E0463`.
[INFO] [stdout] 
[INFO] [stderr] error: could not compile `diesel`.
[INFO] [stderr] 
[INFO] [stderr] To learn more, run the command again with --verbose.
[INFO] [stderr] warning: build failed, waiting for other jobs to finish...
[INFO] [stdout] error: aborting due to previous error
[INFO] [stdout] 
[INFO] [stdout] 
[INFO] [stdout] For more information about this error, try `rustc --explain E0554`.
[INFO] [stdout] 
[INFO] [stderr] error: build failed
[INFO] running `Command { std: "docker" "inspect" "a210c57c0e83b741edb3467dc7f92b24b4b775d64c019517c82449a7c8c55ff1", kill_on_drop: false }`
[INFO] running `Command { std: "docker" "rm" "-f" "a210c57c0e83b741edb3467dc7f92b24b4b775d64c019517c82449a7c8c55ff1", kill_on_drop: false }`
[INFO] [stdout] a210c57c0e83b741edb3467dc7f92b24b4b775d64c019517c82449a7c8c55ff1
